{"id":6258,"date":"2022-12-12T04:38:44","date_gmt":"2022-12-12T03:38:44","guid":{"rendered":"https:\/\/www.ufipay.net\/?page_id=6258"},"modified":"2022-12-26T11:59:20","modified_gmt":"2022-12-26T10:59:20","slug":"maitrise-douvrage","status":"publish","type":"page","link":"https:\/\/www.ufipay.net\/index.php\/maitrise-douvrage\/","title":{"rendered":"Conseil et ma\u00eetrise d&rsquo;ouvrage"},"content":{"rendered":"\t\t<div data-elementor-type=\"wp-page\" data-elementor-id=\"6258\" class=\"elementor elementor-6258\">\n\t\t\t\t\t\t<section class=\"elementor-section elementor-top-section elementor-element elementor-element-7305b12 elementor-section-height-min-height elementor-section-boxed elementor-section-height-default elementor-section-items-middle\" data-id=\"7305b12\" data-element_type=\"section\" data-e-type=\"section\" data-settings=\"{&quot;background_background&quot;:&quot;classic&quot;,&quot;shape_divider_top&quot;:&quot;arrow&quot;}\">\n\t\t\t\t\t<div class=\"elementor-shape elementor-shape-top\" aria-hidden=\"true\" data-negative=\"false\">\n\t\t\t<svg xmlns=\"http:\/\/www.w3.org\/2000\/svg\" viewBox=\"0 0 700 10\" preserveAspectRatio=\"none\">\n\t<path class=\"elementor-shape-fill\" d=\"M350,10L340,0h20L350,10z\"\/>\n<\/svg>\t\t<\/div>\n\t\t\t\t\t<div class=\"elementor-container elementor-column-gap-narrow\">\n\t\t\t\t\t<div class=\"elementor-column elementor-col-100 elementor-top-column elementor-element elementor-element-b7eecfc\" data-id=\"b7eecfc\" data-element_type=\"column\" data-e-type=\"column\">\n\t\t\t<div class=\"elementor-widget-wrap elementor-element-populated\">\n\t\t\t\t\t\t<div class=\"elementor-element elementor-element-be644af elementor-widget elementor-widget-restly_about\" data-id=\"be644af\" data-element_type=\"widget\" data-e-type=\"widget\" data-widget_type=\"restly_about.default\">\n\t\t\t\t<div class=\"elementor-widget-container\">\n\t\t\t\t\t        <div class=\"restly-about-wrapper\">\r\n            <div class=\"restly-about-content text-left\">\r\n                                <h2 class=\"restly-about-stitle\"><span>La fintech UFIPAY<\/span><\/h6>\r\n                                <h2 class=\"restly-about-title\">Dans son organisation dispose, d\u2019une division S\u00e9curit\u00e9 et Conformit\u00e9.<\/h2>\r\n                <div class=\"restly-about-dec\">\r\n                                    <\/div>\r\n            <\/div>\r\n        <\/div>\r\n        \t\t\t\t<\/div>\n\t\t\t\t<\/div>\n\t\t\t\t<div class=\"elementor-element elementor-element-9c73a12 elementor-widget elementor-widget-service_box\" data-id=\"9c73a12\" data-element_type=\"widget\" data-e-type=\"widget\" data-widget_type=\"service_box.default\">\n\t\t\t\t<div class=\"elementor-widget-container\">\n\t\t\t\t\t        <div class=\"restly-service-box-wrapper\">\r\n                        <div class=\"restly-service-two-box tran-04\">\r\n                <div class=\"restly-service-two-contents tran-04 service-two-left\">\r\n                    <div class=\"restly-service-two-icon tran-04\">\r\n                                                    <i class=\"fas fa-lock\"><\/i>\r\n                                            <\/div>\r\n                    <div class=\"service-two-content tran-04\">\r\n                        <h3 class=\"service-two-title tran-04\">SON ROLE<\/h3>\r\n                        <div class=\"service-two-dec tran-04\">\r\n                            <p>Il est\nd\u2019apporter son\nexpertise aux\ndiff\u00e9rentes\nentreprises en tant\nque conseiller ; de les\naccompagner en tant\nqu\u2019assistant en maitrise d\u2019ouvrage, dans le domaine de la s\u00e9curit\u00e9 du syst\u00e8me d\u2019information et de la\nconformit\u00e9 sur les aspects suivants :<\/p>\r\n                        <\/div>\r\n                                            <\/div>\r\n                <\/div>\r\n            <\/div>\r\n                        <\/div>\r\n        \t\t\t\t<\/div>\n\t\t\t\t<\/div>\n\t\t\t\t\t<\/div>\n\t\t<\/div>\n\t\t\t\t\t<\/div>\n\t\t<\/section>\n\t\t\t\t<section class=\"elementor-section elementor-top-section elementor-element elementor-element-f5074b4 elementor-section-boxed elementor-section-height-default elementor-section-height-default\" data-id=\"f5074b4\" data-element_type=\"section\" data-e-type=\"section\">\n\t\t\t\t\t\t<div class=\"elementor-container elementor-column-gap-default\">\n\t\t\t\t\t<div class=\"elementor-column elementor-col-100 elementor-top-column elementor-element elementor-element-01236b1\" data-id=\"01236b1\" data-element_type=\"column\" data-e-type=\"column\">\n\t\t\t<div class=\"elementor-widget-wrap elementor-element-populated\">\n\t\t\t\t\t\t<section class=\"elementor-section elementor-inner-section elementor-element elementor-element-68d2d47 elementor-section-boxed elementor-section-height-default elementor-section-height-default\" data-id=\"68d2d47\" data-element_type=\"section\" data-e-type=\"section\">\n\t\t\t\t\t\t<div class=\"elementor-container elementor-column-gap-default\">\n\t\t\t\t\t<div class=\"elementor-column elementor-col-100 elementor-inner-column elementor-element elementor-element-777c0ef\" data-id=\"777c0ef\" data-element_type=\"column\" data-e-type=\"column\">\n\t\t\t<div class=\"elementor-widget-wrap elementor-element-populated\">\n\t\t\t\t\t\t<div class=\"elementor-element elementor-element-55470a9 elementor-widget elementor-widget-service_box\" data-id=\"55470a9\" data-element_type=\"widget\" data-e-type=\"widget\" data-widget_type=\"service_box.default\">\n\t\t\t\t<div class=\"elementor-widget-container\">\n\t\t\t\t\t        <div class=\"restly-service-box-wrapper\">\r\n                        <div class=\"restly-service-two-box tran-04\">\r\n                <div class=\"restly-service-two-contents tran-04 service-two-left\">\r\n                    <div class=\"restly-service-two-icon tran-04\">\r\n                                                    <i class=\"fas fa-angle-double-right\"><\/i>\r\n                                            <\/div>\r\n                    <div class=\"service-two-content tran-04\">\r\n                        <h3 class=\"service-two-title tran-04\">Accompagnement dans la d\u00e9marche, s\u00e9curit\u00e9 du syst\u00e8me d\u2019information ISO 27001 SMSI (Syst\u00e8me de Management de la S\u00e9curit\u00e9 de l\u2019information)<\/h3>\r\n                        <div class=\"service-two-dec tran-04\">\r\n                            <p><\/p>\r\n                        <\/div>\r\n                                            <\/div>\r\n                <\/div>\r\n            <\/div>\r\n                        <\/div>\r\n        \t\t\t\t<\/div>\n\t\t\t\t<\/div>\n\t\t\t\t\t<\/div>\n\t\t<\/div>\n\t\t\t\t\t<\/div>\n\t\t<\/section>\n\t\t\t\t<section class=\"elementor-section elementor-inner-section elementor-element elementor-element-6b85263 elementor-section-boxed elementor-section-height-default elementor-section-height-default\" data-id=\"6b85263\" data-element_type=\"section\" data-e-type=\"section\">\n\t\t\t\t\t\t<div class=\"elementor-container elementor-column-gap-default\">\n\t\t\t\t\t<div class=\"elementor-column elementor-col-100 elementor-inner-column elementor-element elementor-element-2fddbf1\" data-id=\"2fddbf1\" data-element_type=\"column\" data-e-type=\"column\">\n\t\t\t<div class=\"elementor-widget-wrap elementor-element-populated\">\n\t\t\t\t\t\t<div class=\"elementor-element elementor-element-2dc488d elementor-list-item-link-inline elementor-icon-list--layout-traditional elementor-widget elementor-widget-icon-list\" data-id=\"2dc488d\" data-element_type=\"widget\" data-e-type=\"widget\" data-widget_type=\"icon-list.default\">\n\t\t\t\t<div class=\"elementor-widget-container\">\n\t\t\t\t\t\t\t<ul class=\"elementor-icon-list-items\">\n\t\t\t\t\t\t\t<li class=\"elementor-icon-list-item\">\n\t\t\t\t\t\t\t\t\t\t\t<span class=\"elementor-icon-list-icon\">\n\t\t\t\t\t\t\t<i aria-hidden=\"true\" class=\"far fa-arrow-alt-circle-right\"><\/i>\t\t\t\t\t\t<\/span>\n\t\t\t\t\t\t\t\t\t\t<span class=\"elementor-icon-list-text\">La certification ISO 27001 est une norme internationale de r\u00e9f\u00e9rence. Elle permet une gestion optimale des risques li\u00e9s \u00e0 la s\u00e9curit\u00e9 de l\u2019information. En clair, gr\u00e2ce \u00e0 elle, les entreprises surveillent, r\u00e9visent, entretiennent et am\u00e9liorent la gestion de la s\u00e9curit\u00e9 des informations en mettant en place un Syst\u00e8me de Management de S\u00e9curit\u00e9 de l\u2019Information (SMSI).<\/span>\n\t\t\t\t\t\t\t\t\t<\/li>\n\t\t\t\t\t\t<\/ul>\n\t\t\t\t\t\t<\/div>\n\t\t\t\t<\/div>\n\t\t\t\t<div class=\"elementor-element elementor-element-ddb221b elementor-list-item-link-inline elementor-icon-list--layout-traditional elementor-widget elementor-widget-icon-list\" data-id=\"ddb221b\" data-element_type=\"widget\" data-e-type=\"widget\" data-widget_type=\"icon-list.default\">\n\t\t\t\t<div class=\"elementor-widget-container\">\n\t\t\t\t\t\t\t<ul class=\"elementor-icon-list-items\">\n\t\t\t\t\t\t\t<li class=\"elementor-icon-list-item\">\n\t\t\t\t\t\t\t\t\t\t\t<span class=\"elementor-icon-list-icon\">\n\t\t\t\t\t\t\t<i aria-hidden=\"true\" class=\"far fa-arrow-alt-circle-right\"><\/i>\t\t\t\t\t\t<\/span>\n\t\t\t\t\t\t\t\t\t\t<span class=\"elementor-icon-list-text\">Notre \u00e9quipe de conseil en certification peut assister les organismes dans le d\u00e9ploiement de leurs d\u00e9marches de s\u00e9curit\u00e9 de l\u2019information. Avec un accompagnement \u00e0 la certification ISO 27001. Aussi nous pouvons intervenir aupr\u00e8s d\u2019une entreprise d\u00e9j\u00e0 certifi\u00e9e ISO 27001 pour r\u00e9aliser par exemple un audit interne du SMSI.<\/span>\n\t\t\t\t\t\t\t\t\t<\/li>\n\t\t\t\t\t\t<\/ul>\n\t\t\t\t\t\t<\/div>\n\t\t\t\t<\/div>\n\t\t\t\t<div class=\"elementor-element elementor-element-75c0c1c elementor-list-item-link-inline elementor-icon-list--layout-traditional elementor-widget elementor-widget-icon-list\" data-id=\"75c0c1c\" data-element_type=\"widget\" data-e-type=\"widget\" data-widget_type=\"icon-list.default\">\n\t\t\t\t<div class=\"elementor-widget-container\">\n\t\t\t\t\t\t\t<ul class=\"elementor-icon-list-items\">\n\t\t\t\t\t\t\t<li class=\"elementor-icon-list-item\">\n\t\t\t\t\t\t\t\t\t\t\t<span class=\"elementor-icon-list-icon\">\n\t\t\t\t\t\t\t<i aria-hidden=\"true\" class=\"far fa-arrow-alt-circle-right\"><\/i>\t\t\t\t\t\t<\/span>\n\t\t\t\t\t\t\t\t\t\t<span class=\"elementor-icon-list-text\">Toutes les donn\u00e9es sont efficacement prot\u00e9g\u00e9es avec une m\u00e9thodologie technique et organisationnelle. Il ne s\u2019agit pas uniquement de d\u00e9fendre les syst\u00e8mes informatiques contre des intrusions, mais de mettre en place les bonnes pratiques et les bonnes proc\u00e9dures pour obtenir une s\u00e9curit\u00e9 \u00e0 100%.<\/span>\n\t\t\t\t\t\t\t\t\t<\/li>\n\t\t\t\t\t\t<\/ul>\n\t\t\t\t\t\t<\/div>\n\t\t\t\t<\/div>\n\t\t\t\t\t<\/div>\n\t\t<\/div>\n\t\t\t\t\t<\/div>\n\t\t<\/section>\n\t\t\t\t\t<\/div>\n\t\t<\/div>\n\t\t\t\t\t<\/div>\n\t\t<\/section>\n\t\t\t\t<section class=\"elementor-section elementor-top-section elementor-element elementor-element-4fca6a0 elementor-section-boxed elementor-section-height-default elementor-section-height-default\" data-id=\"4fca6a0\" data-element_type=\"section\" data-e-type=\"section\">\n\t\t\t\t\t\t<div class=\"elementor-container elementor-column-gap-default\">\n\t\t\t\t\t<div class=\"elementor-column elementor-col-100 elementor-top-column elementor-element elementor-element-ad6d65f\" data-id=\"ad6d65f\" data-element_type=\"column\" data-e-type=\"column\">\n\t\t\t<div class=\"elementor-widget-wrap elementor-element-populated\">\n\t\t\t\t\t\t<section class=\"elementor-section elementor-inner-section elementor-element elementor-element-d0d78a6 elementor-section-boxed elementor-section-height-default elementor-section-height-default\" data-id=\"d0d78a6\" data-element_type=\"section\" data-e-type=\"section\">\n\t\t\t\t\t\t<div class=\"elementor-container elementor-column-gap-default\">\n\t\t\t\t\t<div class=\"elementor-column elementor-col-100 elementor-inner-column elementor-element elementor-element-d0f1bf5\" data-id=\"d0f1bf5\" data-element_type=\"column\" data-e-type=\"column\">\n\t\t\t<div class=\"elementor-widget-wrap elementor-element-populated\">\n\t\t\t\t\t\t<div class=\"elementor-element elementor-element-34e4de6 elementor-widget elementor-widget-service_box\" data-id=\"34e4de6\" data-element_type=\"widget\" data-e-type=\"widget\" data-widget_type=\"service_box.default\">\n\t\t\t\t<div class=\"elementor-widget-container\">\n\t\t\t\t\t        <div class=\"restly-service-box-wrapper\">\r\n                        <div class=\"restly-service-two-box tran-04\">\r\n                <div class=\"restly-service-two-contents tran-04 service-two-left\">\r\n                    <div class=\"restly-service-two-icon tran-04\">\r\n                                                    <i class=\"fas fa-angle-double-right\"><\/i>\r\n                                            <\/div>\r\n                    <div class=\"service-two-content tran-04\">\r\n                        <h3 class=\"service-two-title tran-04\">Accompagnement des Entreprises dans la production des sch\u00e9mas directeurs des syst\u00e8mes d\u2019informations (SDSI) ;<\/h3>\r\n                        <div class=\"service-two-dec tran-04\">\r\n                            <p>Nous vous accompagnons dans la r\u00e9daction et dans la mise en oeuvre de vos sch\u00e9mas directeurs des syst\u00e8mes d\u2019information (SDSI), un document cl\u00e9 pour une strat\u00e9gie num\u00e9rique adapt\u00e9e aux besoins de votre entreprise.\nUn sch\u00e9ma directeur du syst\u00e8me d\u2019information est un document strat\u00e9gique, valid\u00e9 par les \u00e9lus et la direction g\u00e9n\u00e9rale d\u2019une entreprise. Il vise \u00e0 structurer \u00e0 moyen terme (3 \u00e0 5 ans) la strat\u00e9gie informatique de l\u2019entreprise. L\u2019objectif d\u2019un tel document est de permettre \u00e0 l\u2019organisation d\u2019optimiser son fonctionnement, d\u2019am\u00e9liorer sa performance et de disposer de solutions innovantes pour son fonctionnement interne et pour ses usagers. Il s\u2019inscrit donc dans la strat\u00e9gie de transformation digitale globale de la collectivit\u00e9.<\/p>\r\n                        <\/div>\r\n                                            <\/div>\r\n                <\/div>\r\n            <\/div>\r\n                        <\/div>\r\n        \t\t\t\t<\/div>\n\t\t\t\t<\/div>\n\t\t\t\t\t<\/div>\n\t\t<\/div>\n\t\t\t\t\t<\/div>\n\t\t<\/section>\n\t\t\t\t<section class=\"elementor-section elementor-inner-section elementor-element elementor-element-5bd2222 elementor-section-boxed elementor-section-height-default elementor-section-height-default\" data-id=\"5bd2222\" data-element_type=\"section\" data-e-type=\"section\">\n\t\t\t\t\t\t<div class=\"elementor-container elementor-column-gap-default\">\n\t\t\t\t\t<div class=\"elementor-column elementor-col-33 elementor-inner-column elementor-element elementor-element-072b756\" data-id=\"072b756\" data-element_type=\"column\" data-e-type=\"column\">\n\t\t\t<div class=\"elementor-widget-wrap elementor-element-populated\">\n\t\t\t\t\t\t<div class=\"elementor-element elementor-element-207e70f elementor-widget elementor-widget-service_box\" data-id=\"207e70f\" data-element_type=\"widget\" data-e-type=\"widget\" data-widget_type=\"service_box.default\">\n\t\t\t\t<div class=\"elementor-widget-container\">\n\t\t\t\t\t        <div class=\"restly-service-box-wrapper\">\r\n                        <div class=\"restly-service-two-box service-style-5 tran-04\">\r\n                                <div class=\"restly-service-two-contents tran-04 service-two-left\">\r\n                    <div class=\"restly-service-two-icon tran-04\">\r\n                                                    <i class=\"\"><\/i>\r\n                                            <\/div>\r\n                    <div class=\"service-two-content tran-04\">\r\n                        <h3 class=\"service-two-title tran-04\">Gouvernance<\/h3>\r\n                        <div class=\"service-two-dec tran-04\">\r\n                            <p>Une gouvernance, charg\u00e9e de piloter et coordonner le d\u00e9ploiement de la feuille de route ;<\/p>\r\n                        <\/div>\r\n                    <\/div>\r\n                <\/div>\r\n            <\/div>\r\n                        <\/div>\r\n        \t\t\t\t<\/div>\n\t\t\t\t<\/div>\n\t\t\t\t\t<\/div>\n\t\t<\/div>\n\t\t\t\t<div class=\"elementor-column elementor-col-33 elementor-inner-column elementor-element elementor-element-365e302\" data-id=\"365e302\" data-element_type=\"column\" data-e-type=\"column\">\n\t\t\t<div class=\"elementor-widget-wrap elementor-element-populated\">\n\t\t\t\t\t\t<div class=\"elementor-element elementor-element-c93513b elementor-widget elementor-widget-service_box\" data-id=\"c93513b\" data-element_type=\"widget\" data-e-type=\"widget\" data-widget_type=\"service_box.default\">\n\t\t\t\t<div class=\"elementor-widget-container\">\n\t\t\t\t\t        <div class=\"restly-service-box-wrapper\">\r\n                        <div class=\"restly-service-two-box service-style-5 tran-04\">\r\n                                <div class=\"restly-service-two-contents tran-04 service-two-left\">\r\n                    <div class=\"restly-service-two-icon tran-04\">\r\n                                                    <i class=\"\"><\/i>\r\n                                            <\/div>\r\n                    <div class=\"service-two-content tran-04\">\r\n                        <h3 class=\"service-two-title tran-04\">Architecture<\/h3>\r\n                        <div class=\"service-two-dec tran-04\">\r\n                            <p>Une architecture technique et fonctionnelle du syst\u00e8me d\u2019information ;<\/p>\r\n                        <\/div>\r\n                    <\/div>\r\n                <\/div>\r\n            <\/div>\r\n                        <\/div>\r\n        \t\t\t\t<\/div>\n\t\t\t\t<\/div>\n\t\t\t\t\t<\/div>\n\t\t<\/div>\n\t\t\t\t<div class=\"elementor-column elementor-col-33 elementor-inner-column elementor-element elementor-element-85f806f\" data-id=\"85f806f\" data-element_type=\"column\" data-e-type=\"column\">\n\t\t\t<div class=\"elementor-widget-wrap elementor-element-populated\">\n\t\t\t\t\t\t<div class=\"elementor-element elementor-element-73a6327 elementor-widget elementor-widget-service_box\" data-id=\"73a6327\" data-element_type=\"widget\" data-e-type=\"widget\" data-widget_type=\"service_box.default\">\n\t\t\t\t<div class=\"elementor-widget-container\">\n\t\t\t\t\t        <div class=\"restly-service-box-wrapper\">\r\n                        <div class=\"restly-service-two-box service-style-5 tran-04\">\r\n                                <div class=\"restly-service-two-contents tran-04 service-two-justify\">\r\n                    <div class=\"restly-service-two-icon tran-04\">\r\n                                                    <i class=\"\"><\/i>\r\n                                            <\/div>\r\n                    <div class=\"service-two-content tran-04\">\r\n                        <h3 class=\"service-two-title tran-04\">Portefeuille<\/h3>\r\n                        <div class=\"service-two-dec tran-04\">\r\n                            <p>Un portefeuille de projets, volet op\u00e9rationnel du sch\u00e9ma, \u00e0 faire \u00e9voluer en m\u00eame temps que la feuille de route du sch\u00e9ma directeur.<\/p>\r\n                        <\/div>\r\n                    <\/div>\r\n                <\/div>\r\n            <\/div>\r\n                        <\/div>\r\n        \t\t\t\t<\/div>\n\t\t\t\t<\/div>\n\t\t\t\t\t<\/div>\n\t\t<\/div>\n\t\t\t\t\t<\/div>\n\t\t<\/section>\n\t\t\t\t\t<\/div>\n\t\t<\/div>\n\t\t\t\t\t<\/div>\n\t\t<\/section>\n\t\t\t\t<section class=\"elementor-section elementor-top-section elementor-element elementor-element-7bd25d0 elementor-section-boxed elementor-section-height-default elementor-section-height-default\" data-id=\"7bd25d0\" data-element_type=\"section\" data-e-type=\"section\">\n\t\t\t\t\t\t<div class=\"elementor-container elementor-column-gap-default\">\n\t\t\t\t\t<div class=\"elementor-column elementor-col-100 elementor-top-column elementor-element elementor-element-7aa2f66\" data-id=\"7aa2f66\" data-element_type=\"column\" data-e-type=\"column\">\n\t\t\t<div class=\"elementor-widget-wrap elementor-element-populated\">\n\t\t\t\t\t\t<section class=\"elementor-section elementor-inner-section elementor-element elementor-element-3cdf367 elementor-section-boxed elementor-section-height-default elementor-section-height-default\" data-id=\"3cdf367\" data-element_type=\"section\" data-e-type=\"section\">\n\t\t\t\t\t\t<div class=\"elementor-container elementor-column-gap-default\">\n\t\t\t\t\t<div class=\"elementor-column elementor-col-100 elementor-inner-column elementor-element elementor-element-3adac4f\" data-id=\"3adac4f\" data-element_type=\"column\" data-e-type=\"column\">\n\t\t\t<div class=\"elementor-widget-wrap elementor-element-populated\">\n\t\t\t\t\t\t<div class=\"elementor-element elementor-element-760fb0e elementor-widget elementor-widget-service_box\" data-id=\"760fb0e\" data-element_type=\"widget\" data-e-type=\"widget\" data-widget_type=\"service_box.default\">\n\t\t\t\t<div class=\"elementor-widget-container\">\n\t\t\t\t\t        <div class=\"restly-service-box-wrapper\">\r\n                        <div class=\"restly-service-two-box tran-04\">\r\n                <div class=\"restly-service-two-contents tran-04 service-two-left\">\r\n                    <div class=\"restly-service-two-icon tran-04\">\r\n                                                    <i class=\"fas fa-angle-double-right\"><\/i>\r\n                                            <\/div>\r\n                    <div class=\"service-two-content tran-04\">\r\n                        <h3 class=\"service-two-title tran-04\">Accompagnement des Entreprises dans le processus de transformation digitale<\/h3>\r\n                        <div class=\"service-two-dec tran-04\">\r\n                            <p>Un bon accompagnement pour votre transformation digitale, c\u2019est le gage d\u2019un processus parfaitement men\u00e9, avec la certitude de vous faire gagner en productivit\u00e9 et m\u00eame de vous permettre de d\u00e9passer vos objectifs. <\/p>\r\n                        <\/div>\r\n                                            <\/div>\r\n                <\/div>\r\n            <\/div>\r\n                        <\/div>\r\n        \t\t\t\t<\/div>\n\t\t\t\t<\/div>\n\t\t\t\t\t<\/div>\n\t\t<\/div>\n\t\t\t\t\t<\/div>\n\t\t<\/section>\n\t\t\t\t<section class=\"elementor-section elementor-inner-section elementor-element elementor-element-eaa210b elementor-section-boxed elementor-section-height-default elementor-section-height-default\" data-id=\"eaa210b\" data-element_type=\"section\" data-e-type=\"section\">\n\t\t\t\t\t\t<div class=\"elementor-container elementor-column-gap-default\">\n\t\t\t\t\t<div class=\"elementor-column elementor-col-50 elementor-inner-column elementor-element elementor-element-b238a7a\" data-id=\"b238a7a\" data-element_type=\"column\" data-e-type=\"column\">\n\t\t\t<div class=\"elementor-widget-wrap\">\n\t\t\t\t\t\t\t<\/div>\n\t\t<\/div>\n\t\t\t\t<div class=\"elementor-column elementor-col-50 elementor-inner-column elementor-element elementor-element-5d82f36\" data-id=\"5d82f36\" data-element_type=\"column\" data-e-type=\"column\">\n\t\t\t<div class=\"elementor-widget-wrap elementor-element-populated\">\n\t\t\t\t\t\t<div class=\"elementor-element elementor-element-1d42193 elementor-widget elementor-widget-service_box\" data-id=\"1d42193\" data-element_type=\"widget\" data-e-type=\"widget\" data-widget_type=\"service_box.default\">\n\t\t\t\t<div class=\"elementor-widget-container\">\n\t\t\t\t\t        <div class=\"restly-service-box-wrapper\">\r\n                        <div class=\"restly-service-two-box tran-04\">\r\n                <div class=\"restly-service-two-contents tran-04 service-two-left\">\r\n                    <div class=\"restly-service-two-icon tran-04\">\r\n                                                    <i class=\"\"><\/i>\r\n                                            <\/div>\r\n                    <div class=\"service-two-content tran-04\">\r\n                        <h3 class=\"service-two-title tran-04\"><\/h3>\r\n                        <div class=\"service-two-dec tran-04\">\r\n                            <p>Le but de la transformation digitale est d\u2019int\u00e9grer les nouvelles technologies num\u00e9riques au sein de votre entreprise et de vous faire adopter des m\u00e9thodes et outils de travail li\u00e9s \u00e0 internet. C\u2019est une nouvelle organisation interne qui sera mise en place et qui vous rendra plus efficace. De nombreuses entreprises ont compris qu\u2019il est n\u00e9cessaire de mener leur transformation digitale et ne l\u00e9sinent pas sur les moyens dans le cadre de cette d\u00e9marche. Pour vous accompagner dans cette transition, la FINTECH UFIPAY est \u00e0 votre disposition et b\u00e9n\u00e9ficie de tous les savoir-faire n\u00e9cessaires.<\/p>\r\n                        <\/div>\r\n                                            <\/div>\r\n                <\/div>\r\n            <\/div>\r\n                        <\/div>\r\n        \t\t\t\t<\/div>\n\t\t\t\t<\/div>\n\t\t\t\t\t<\/div>\n\t\t<\/div>\n\t\t\t\t\t<\/div>\n\t\t<\/section>\n\t\t\t\t\t<\/div>\n\t\t<\/div>\n\t\t\t\t\t<\/div>\n\t\t<\/section>\n\t\t\t\t<\/div>\n\t\t","protected":false},"excerpt":{"rendered":"<p>La fintech UFIPAY Dans son organisation dispose, d\u2019une division S\u00e9curit\u00e9 et Conformit\u00e9. SON ROLE Il est d\u2019apporter son expertise aux diff\u00e9rentes entreprises en tant que conseiller ; de les accompagner en tant qu\u2019assistant en maitrise d\u2019ouvrage, dans le domaine de la s\u00e9curit\u00e9 du syst\u00e8me d\u2019information et de la conformit\u00e9 sur les aspects suivants : Accompagnement [&hellip;]<\/p>\n","protected":false},"author":1,"featured_media":0,"parent":0,"menu_order":0,"comment_status":"closed","ping_status":"closed","template":"","meta":{"_mi_skip_tracking":false,"footnotes":""},"class_list":["post-6258","page","type-page","status-publish","hentry"],"aioseo_notices":[],"_links":{"self":[{"href":"https:\/\/www.ufipay.net\/index.php\/wp-json\/wp\/v2\/pages\/6258","targetHints":{"allow":["GET"]}}],"collection":[{"href":"https:\/\/www.ufipay.net\/index.php\/wp-json\/wp\/v2\/pages"}],"about":[{"href":"https:\/\/www.ufipay.net\/index.php\/wp-json\/wp\/v2\/types\/page"}],"author":[{"embeddable":true,"href":"https:\/\/www.ufipay.net\/index.php\/wp-json\/wp\/v2\/users\/1"}],"replies":[{"embeddable":true,"href":"https:\/\/www.ufipay.net\/index.php\/wp-json\/wp\/v2\/comments?post=6258"}],"version-history":[{"count":44,"href":"https:\/\/www.ufipay.net\/index.php\/wp-json\/wp\/v2\/pages\/6258\/revisions"}],"predecessor-version":[{"id":7028,"href":"https:\/\/www.ufipay.net\/index.php\/wp-json\/wp\/v2\/pages\/6258\/revisions\/7028"}],"wp:attachment":[{"href":"https:\/\/www.ufipay.net\/index.php\/wp-json\/wp\/v2\/media?parent=6258"}],"curies":[{"name":"wp","href":"https:\/\/api.w.org\/{rel}","templated":true}]}}